{"id":65439,"date":"2022-09-02T18:04:09","date_gmt":"2022-09-02T18:04:09","guid":{"rendered":"https:\/\/elicrom.com\/?post_type=product&#038;p=65439"},"modified":"2022-09-02T18:04:09","modified_gmt":"2022-09-02T18:04:09","slug":"1770-termoreactor-digital-de-dos-bloques-drb200-viales-30x16mm","status":"publish","type":"product","link":"https:\/\/elicrom.com\/?product=1770-termoreactor-digital-de-dos-bloques-drb200-viales-30x16mm","title":{"rendered":"Termoreactor digital  de dos bloques  DRB200, viales 30x16mm"},"content":{"rendered":"<p>Preprogramado para todas las digestiones standard (por ejemplo, para DQO, metales pesados, etc.) y libremente programable para las digestiones espec\u00edficas del usuario.<\/p>\n<p>-Gran flexibilidad<br \/>\n-Excelente reproducibilidad<br \/>\n-Manejo sencillo<\/p>\n<p>Especificaciones:<br \/>\n-Modelo: DRB200<br \/>\n-Termostato digital doble bock 15 viales x 16 mm + 15 viales x 16 mm<br \/>\n-Condiciones de almacenamiento: -40 &#8211; 60 \u00b0C<br \/>\n-Conexi\u00f3n a red: 115 V \u00b15<br \/>\n-Requisitos de energ\u00eda: 50 &#8211; 60 Hz<br \/>\n-Clase de protecci\u00f3n I<br \/>\n-Controles de seguridad: CE, GS, cTUVus<br \/>\n-Estabilidad de temperatura: \u00b1 1 \u00b0C conforme a EN, ISO, EPA<br \/>\n-Idiomas del manual: ingl\u00e9s, franc\u00e9s, alem\u00e1n, italiano, espa\u00f1ol, holand\u00e9s, sueco, dan\u00e9s, polaco<br \/>\n-Interfaz de usuario: 3 teclas<br \/>\n-N\u00famero de cubetas: 30 x 16 mm di\u00e1metro<br \/>\n-Pantalla: 5 x 7 puntos de matriz<br \/>\n-Peso: 2 kg<br \/>\n-Programas de calentamiento: Preprogramado para 40\u00baC, 100\u00baC, 150\u00baC, 165\u00baC y libre selecci\u00f3n para 37-165\u00baC; tiempo de digesti\u00f3n: 1-480 minutos<br \/>\n-Programas de usuario: 6 libres de temperatura\/tiempo<br \/>\n-Tipo de pantalla: LCD<br \/>\n-Velocidad de calentamiento: De 20 &#8211; 150 \u00b0C en 10 minuto<\/p>\n<p>Incluye:<br \/>\n-Reactor de bloque digital<br \/>\n-Cable de alimentaci\u00f3n<br \/>\n-Manual de funcionamiento<\/p>\n","protected":false},"excerpt":{"rendered":"<p>Preprogramado para todas las digestiones standard (por ejemplo, para DQO, metales pesados, etc.) y libremente programable para las digestiones espec\u00edficas del usuario. -Gran flexibilidad -Excelente reproducibilidad -Manejo sencillo Especificaciones: -Modelo:<\/p>\n","protected":false},"featured_media":135938,"comment_status":"open","ping_status":"closed","template":"","meta":{"_acf_changed":false},"product_brand":[],"product_cat":[1,3332,3599],"product_tag":[],"class_list":{"0":"post-65439","1":"product","2":"type-product","3":"status-publish","4":"has-post-thumbnail","6":"product_cat-uncategorized","7":"product_cat-Espectrofotmetros","8":"product_cat-termoreactores","10":"first","11":"instock","12":"taxable","13":"shipping-taxable","14":"product-type-simple"},"acf":[],"aioseo_notices":[],"_links":{"self":[{"href":"https:\/\/elicrom.com\/index.php?rest_route=\/wp\/v2\/product\/65439","targetHints":{"allow":["GET"]}}],"collection":[{"href":"https:\/\/elicrom.com\/index.php?rest_route=\/wp\/v2\/product"}],"about":[{"href":"https:\/\/elicrom.com\/index.php?rest_route=\/wp\/v2\/types\/product"}],"replies":[{"embeddable":true,"href":"https:\/\/elicrom.com\/index.php?rest_route=%2Fwp%2Fv2%2Fcomments&post=65439"}],"wp:featuredmedia":[{"embeddable":true,"href":"https:\/\/elicrom.com\/index.php?rest_route=\/wp\/v2\/media\/135938"}],"wp:attachment":[{"href":"https:\/\/elicrom.com\/index.php?rest_route=%2Fwp%2Fv2%2Fmedia&parent=65439"}],"wp:term":[{"taxonomy":"product_brand","embeddable":true,"href":"https:\/\/elicrom.com\/index.php?rest_route=%2Fwp%2Fv2%2Fproduct_brand&post=65439"},{"taxonomy":"product_cat","embeddable":true,"href":"https:\/\/elicrom.com\/index.php?rest_route=%2Fwp%2Fv2%2Fproduct_cat&post=65439"},{"taxonomy":"product_tag","embeddable":true,"href":"https:\/\/elicrom.com\/index.php?rest_route=%2Fwp%2Fv2%2Fproduct_tag&post=65439"}],"curies":[{"name":"wp","href":"https:\/\/api.w.org\/{rel}","templated":true}]}}