{"id":64875,"date":"2022-09-02T16:52:14","date_gmt":"2022-09-02T16:52:14","guid":{"rendered":"https:\/\/elicrom.com\/?post_type=product&#038;p=64875"},"modified":"2022-09-02T16:52:14","modified_gmt":"2022-09-02T16:52:14","slug":"1488-set-de-prueba-de-silice-modelo-si-5","status":"publish","type":"product","link":"https:\/\/elicrom.com\/?product=1488-set-de-prueba-de-silice-modelo-si-5","title":{"rendered":"Set de prueba de s\u00edlice, modelo SI-5"},"content":{"rendered":"<p>Especificaciones:<br \/>\n-Incremento m\u00ednimo: 1 \/ 20<br \/>\n-M\u00e9todo: Disco de color\/ Heteropolio azul \/ amino\u00e1cido<br \/>\n-Modelo: SI-5<br \/>\n-Modelo de Test Kit: SI-5<br \/>\n-N\u00famero de pruebas: 100<br \/>\n-Par\u00e1metro: S\u00edlice<br \/>\n-Par\u00e1metro: S\u00edlice, rango alto &#8211; As SiO\u2082<br \/>\n-Plataforma: Discos de Color<br \/>\n-Rango de medici\u00f3n: 0 &#8211; 30 mg\/L SiO\u2082 \/ 0 &#8211; 600 mg\/L SiO\u2082<br \/>\n-Doble rango<br \/>\n-Rango est\u00e1ndar: 0 &#8211; 30 mg\/L SiO\u2082; 0 &#8211; 600 mg\/L SiO\u2082<br \/>\n-Tpo de carcasa: D<\/p>\n<p>Incluye:<br \/>\nCuatro reactivos, agua desionizada, tubo de visualizaci\u00f3n, tap\u00f3n, caja de comparaci\u00f3n de color, discos de color, cuentagotas para botella, hoja de instrucciones y caja de transporte.<\/p>\n","protected":false},"excerpt":{"rendered":"<p>Especificaciones: -Incremento m\u00ednimo: 1 \/ 20 -M\u00e9todo: Disco de color\/ Heteropolio azul \/ amino\u00e1cido -Modelo: SI-5 -Modelo de Test Kit: SI-5 -N\u00famero de pruebas: 100 -Par\u00e1metro: S\u00edlice -Par\u00e1metro: S\u00edlice, rango<\/p>\n","protected":false},"featured_media":133314,"comment_status":"open","ping_status":"closed","template":"","meta":{"_acf_changed":false},"product_brand":[],"product_cat":[1,3439,3438],"product_tag":[],"class_list":{"0":"post-64875","1":"product","2":"type-product","3":"status-publish","4":"has-post-thumbnail","6":"product_cat-uncategorized","7":"product_cat-Hach","8":"product_cat-Reactivos-y-estndares","10":"first","11":"instock","12":"taxable","13":"shipping-taxable","14":"product-type-simple"},"acf":[],"aioseo_notices":[],"_links":{"self":[{"href":"https:\/\/elicrom.com\/index.php?rest_route=\/wp\/v2\/product\/64875","targetHints":{"allow":["GET"]}}],"collection":[{"href":"https:\/\/elicrom.com\/index.php?rest_route=\/wp\/v2\/product"}],"about":[{"href":"https:\/\/elicrom.com\/index.php?rest_route=\/wp\/v2\/types\/product"}],"replies":[{"embeddable":true,"href":"https:\/\/elicrom.com\/index.php?rest_route=%2Fwp%2Fv2%2Fcomments&post=64875"}],"wp:featuredmedia":[{"embeddable":true,"href":"https:\/\/elicrom.com\/index.php?rest_route=\/wp\/v2\/media\/133314"}],"wp:attachment":[{"href":"https:\/\/elicrom.com\/index.php?rest_route=%2Fwp%2Fv2%2Fmedia&parent=64875"}],"wp:term":[{"taxonomy":"product_brand","embeddable":true,"href":"https:\/\/elicrom.com\/index.php?rest_route=%2Fwp%2Fv2%2Fproduct_brand&post=64875"},{"taxonomy":"product_cat","embeddable":true,"href":"https:\/\/elicrom.com\/index.php?rest_route=%2Fwp%2Fv2%2Fproduct_cat&post=64875"},{"taxonomy":"product_tag","embeddable":true,"href":"https:\/\/elicrom.com\/index.php?rest_route=%2Fwp%2Fv2%2Fproduct_tag&post=64875"}],"curies":[{"name":"wp","href":"https:\/\/api.w.org\/{rel}","templated":true}]}}