{"id":64789,"date":"2022-09-02T16:49:53","date_gmt":"2022-09-02T16:49:53","guid":{"rendered":"https:\/\/elicrom.com\/?post_type=product&#038;p=64789"},"modified":"2022-09-02T16:49:53","modified_gmt":"2022-09-02T16:49:53","slug":"1445-reactivo-en-polvo-de-hidroxido-de-litio-pk-100","status":"publish","type":"product","link":"https:\/\/elicrom.com\/?product=1445-reactivo-en-polvo-de-hidroxido-de-litio-pk-100","title":{"rendered":"Reactivo en polvo de hidr\u00f3xido de litio  pk\/100"},"content":{"rendered":"<p>Para absorci\u00f3n de CO2 en determinaciones de DBO con aparatos manom\u00e9tricos de DBO, para uso con Respirometric BODTrack.<\/p>\n<p>Especificaciones:<br \/>\n-Aplicaci\u00f3n: BODTrak II<br \/>\n-Descripci\u00f3n: Desecante<br \/>\n-F\u00f3rmula: Desecante<br \/>\n-M\u00e9todo: 10099<br \/>\n-Tipo de paquete: Almohadillas en polvo<br \/>\n-Par\u00e1metro: DBO<br \/>\n-Plataforma: almohadas en polvo<br \/>\n-Cantidad: paquete de 100 unidades<\/p>\n","protected":false},"excerpt":{"rendered":"<p>Para absorci\u00f3n de CO2 en determinaciones de DBO con aparatos manom\u00e9tricos de DBO, para uso con Respirometric BODTrack. Especificaciones: -Aplicaci\u00f3n: BODTrak II -Descripci\u00f3n: Desecante -F\u00f3rmula: Desecante -M\u00e9todo: 10099 -Tipo de<\/p>\n","protected":false},"featured_media":134902,"comment_status":"open","ping_status":"closed","template":"","meta":{"_acf_changed":false},"product_brand":[],"product_cat":[1,3439,3438],"product_tag":[],"class_list":{"0":"post-64789","1":"product","2":"type-product","3":"status-publish","4":"has-post-thumbnail","6":"product_cat-uncategorized","7":"product_cat-Hach","8":"product_cat-Reactivos-y-estndares","10":"first","11":"instock","12":"taxable","13":"shipping-taxable","14":"product-type-simple"},"acf":[],"aioseo_notices":[],"_links":{"self":[{"href":"https:\/\/elicrom.com\/index.php?rest_route=\/wp\/v2\/product\/64789","targetHints":{"allow":["GET"]}}],"collection":[{"href":"https:\/\/elicrom.com\/index.php?rest_route=\/wp\/v2\/product"}],"about":[{"href":"https:\/\/elicrom.com\/index.php?rest_route=\/wp\/v2\/types\/product"}],"replies":[{"embeddable":true,"href":"https:\/\/elicrom.com\/index.php?rest_route=%2Fwp%2Fv2%2Fcomments&post=64789"}],"wp:featuredmedia":[{"embeddable":true,"href":"https:\/\/elicrom.com\/index.php?rest_route=\/wp\/v2\/media\/134902"}],"wp:attachment":[{"href":"https:\/\/elicrom.com\/index.php?rest_route=%2Fwp%2Fv2%2Fmedia&parent=64789"}],"wp:term":[{"taxonomy":"product_brand","embeddable":true,"href":"https:\/\/elicrom.com\/index.php?rest_route=%2Fwp%2Fv2%2Fproduct_brand&post=64789"},{"taxonomy":"product_cat","embeddable":true,"href":"https:\/\/elicrom.com\/index.php?rest_route=%2Fwp%2Fv2%2Fproduct_cat&post=64789"},{"taxonomy":"product_tag","embeddable":true,"href":"https:\/\/elicrom.com\/index.php?rest_route=%2Fwp%2Fv2%2Fproduct_tag&post=64789"}],"curies":[{"name":"wp","href":"https:\/\/api.w.org\/{rel}","templated":true}]}}