{"id":63001,"date":"2022-09-02T16:00:51","date_gmt":"2022-09-02T16:00:51","guid":{"rendered":"https:\/\/elicrom.com\/?post_type=product&#038;p=63001"},"modified":"2022-09-02T16:00:51","modified_gmt":"2022-09-02T16:00:51","slug":"557-reactivo-acido-en-polvo-25-ml-pk-100","status":"publish","type":"product","link":"https:\/\/elicrom.com\/?product=557-reactivo-acido-en-polvo-25-ml-pk-100","title":{"rendered":"Reactivo \u00e1cido en polvo 25 ml,  pk\/100"},"content":{"rendered":"<p>Reactivo en polvo en sobres cerrados.<br \/>\nM\u00e9todo: 8185<br \/>\nNombre del m\u00e9todo: Silicomolibdato<br \/>\nN\u00famero de pruebas: 100<br \/>\nPar\u00e1metro: s\u00edlice<br \/>\nPlataforma: almohadas en polvo<br \/>\nCantidad: 100 \/ paquete<\/p>\n<p>Determinaci\u00f3n de:<br \/>\n-S\u00edlice, rango alto (1-100.0 mg \/ L SiO2.) M\u00e9todo Silicomolibdato<br \/>\n-Hipoclorito rango alto (50-150 g \/ L como Cl2)) , M\u00e9todo Iodom\u00e9trico 118 \/ 5.000<\/p>\n","protected":false},"excerpt":{"rendered":"<p>Reactivo en polvo en sobres cerrados. M\u00e9todo: 8185 Nombre del m\u00e9todo: Silicomolibdato N\u00famero de pruebas: 100 Par\u00e1metro: s\u00edlice Plataforma: almohadas en polvo Cantidad: 100 \/ paquete Determinaci\u00f3n de: -S\u00edlice, rango<\/p>\n","protected":false},"featured_media":63002,"comment_status":"open","ping_status":"closed","template":"","meta":{"_acf_changed":false},"product_brand":[],"product_cat":[1,3439,3438],"product_tag":[],"class_list":{"0":"post-63001","1":"product","2":"type-product","3":"status-publish","4":"has-post-thumbnail","6":"product_cat-uncategorized","7":"product_cat-Hach","8":"product_cat-Reactivos-y-estndares","10":"first","11":"instock","12":"taxable","13":"shipping-taxable","14":"product-type-simple"},"acf":[],"aioseo_notices":[],"_links":{"self":[{"href":"https:\/\/elicrom.com\/index.php?rest_route=\/wp\/v2\/product\/63001","targetHints":{"allow":["GET"]}}],"collection":[{"href":"https:\/\/elicrom.com\/index.php?rest_route=\/wp\/v2\/product"}],"about":[{"href":"https:\/\/elicrom.com\/index.php?rest_route=\/wp\/v2\/types\/product"}],"replies":[{"embeddable":true,"href":"https:\/\/elicrom.com\/index.php?rest_route=%2Fwp%2Fv2%2Fcomments&post=63001"}],"wp:featuredmedia":[{"embeddable":true,"href":"https:\/\/elicrom.com\/index.php?rest_route=\/wp\/v2\/media\/63002"}],"wp:attachment":[{"href":"https:\/\/elicrom.com\/index.php?rest_route=%2Fwp%2Fv2%2Fmedia&parent=63001"}],"wp:term":[{"taxonomy":"product_brand","embeddable":true,"href":"https:\/\/elicrom.com\/index.php?rest_route=%2Fwp%2Fv2%2Fproduct_brand&post=63001"},{"taxonomy":"product_cat","embeddable":true,"href":"https:\/\/elicrom.com\/index.php?rest_route=%2Fwp%2Fv2%2Fproduct_cat&post=63001"},{"taxonomy":"product_tag","embeddable":true,"href":"https:\/\/elicrom.com\/index.php?rest_route=%2Fwp%2Fv2%2Fproduct_tag&post=63001"}],"curies":[{"name":"wp","href":"https:\/\/api.w.org\/{rel}","templated":true}]}}