
{"id":62403,"date":"2022-09-02T15:44:18","date_gmt":"2022-09-02T15:44:18","guid":{"rendered":"https:\/\/elicrom.com\/?post_type=product&#038;p=62403"},"modified":"2022-09-02T15:44:18","modified_gmt":"2022-09-02T15:44:18","slug":"258-colorimetro-portatil-led-dr900","status":"publish","type":"product","link":"https:\/\/elicrom.com\/?product=258-colorimetro-portatil-led-dr900","title":{"rendered":"Color\u00edmetro port\u00e1til led DR900"},"content":{"rendered":"<p>El DR900 es una opci\u00f3n fant\u00e1stica cuando se trata de probar en campo m\u00faltiples par\u00e1metros. A nuestros clientes les encanta la facilidad de uso de nuestro color\u00edmetro de mano. Es port\u00e1til, resistente y probado en el tiempo. Simplifique sus pruebas en el campo utilizando el DR900.<\/p>\n<p>Caracter\u00edsticas t\u00e9cnicas:<br \/>\n-Modelo: DR900<br \/>\n-Calor\u00edmetro port\u00e1til y resistente.<br \/>\n-Registrador de datos: 500 valores medidos (Resultado, Fecha, Hora, ID de muestra, ID de usuario)<br \/>\n-Medici\u00f3n fotom\u00e9trica: 0 &#8211; 2 Abdominales<br \/>\n-Duraci\u00f3n de la bater\u00eda: 6 meses (t\u00edpico) 5 lecturas al d\u00eda \/ 5 d\u00edas \/ semana sin retroalimentaci\u00f3n.<br \/>\n-El uso de retroalimentaci\u00f3n disminuir\u00e1 la duraci\u00f3n de la bater\u00eda.<br \/>\n-Requisitos de la bater\u00eda: 4, c\u00e9lulas alcalinas de tama\u00f1o AA<br \/>\n-Detector: Fotodiodo de silicio<br \/>\n-Monitor: Pantalla gr\u00e1fica 240 x 160 p\u00edxeles (retroiluminada)<br \/>\n-Clasificaci\u00f3n de la carcasa: IP67 (tapa del vial cerrada)<br \/>\n-Reproducibilidad: \u00b1 0.005 Abs (0 &#8211; 1 A)<br \/>\n-Rango de temperatura: 0 &#8211; 50 \u00b0C (32 &#8211; 122 \u00b0F)<br \/>\n-Ancho de banda espectral:  ancho de banda de filtro de 15 nm<br \/>\n-Precisi\u00f3n de longitud de onda: \u00b1 1 nm (fijo, var\u00eda seg\u00fan el modelo)<br \/>\n-Modo de operaci\u00f3n: transmitancia (%), absorbancia y concentraci\u00f3n<br \/>\n-Selecci\u00f3n de longitud de onda: Autom\u00e1tico<br \/>\n-Rango de longitud de onda: 420, 520, 560, 610nm<br \/>\n-Selecci\u00f3n de longitud de onda: autom\u00e1tico<br \/>\n-Interfaz: USB tipo Mini IP67<br \/>\n-Protecci\u00f3n de la carcasa (IP): IP67 (con la tapa del vial cerrada )<br \/>\n-Condiciones de funcionamiento: 10 &#8211; 40 \u00b0C (50 &#8211; 104 \u00b0F), m\u00e1x. 80 % de humedad relativa (sin condensaci\u00f3n)<br \/>\n-Humedad de funcionamiento: humedad relativa m\u00e1x. 90 % (sin condensaci\u00f3n)<br \/>\n-Modo de funcionamiento: Transmitancia (%), Absorbancia y Concentraci\u00f3n<br \/>\n-Temperatura de funcionamiento: 10 &#8211; 40 \u00b0C<br \/>\n-Sistema \u00f3ptico:  transmitancia de 0 \/ 180 grados<br \/>\n-Precisi\u00f3n fotom\u00e9trica: \u00b1 0,03 Abs<br \/>\n-Linealidad fotom\u00e9trica: \u00b1 0,002 Abs (0 &#8211; 1 Abs)<br \/>\n-Dimensiones (H x W x D): 231 mm x 96 mm x 48 mm<br \/>\n-Peso: 0,6 kg con bater\u00eda<\/p>\n<p>Incluye:<br \/>\n-Instrumento DR900<br \/>\n-Cable USB con conector mini-USB,<br \/>\n-Bater\u00edas alcalinas 4-AA<br \/>\n-2 celdas de muestra de vidrio de 1 pulgada (25 mm) redondas con marcas de 10, 20, 25 ml,<br \/>\n-2 celdas de muestra de 1 cm \/ 10 ml<br \/>\n-Adaptador de celda de muestra y manual de usuario multiling\u00fce.<\/p>\n","protected":false},"excerpt":{"rendered":"<p>El DR900 es una opci\u00f3n fant\u00e1stica cuando se trata de probar en campo m\u00faltiples par\u00e1metros. A nuestros clientes les encanta la facilidad de uso de nuestro color\u00edmetro de mano. Es<\/p>\n","protected":false},"featured_media":136064,"comment_status":"open","ping_status":"closed","template":"","meta":[],"product_brand":[],"product_cat":[3349,1,3332],"product_tag":[],"class_list":{"0":"post-62403","1":"product","2":"type-product","3":"status-publish","4":"has-post-thumbnail","6":"product_cat-Colormetros","7":"product_cat-uncategorized","8":"product_cat-Espectrofotmetros","10":"first","11":"instock","12":"taxable","13":"shipping-taxable","14":"product-type-simple"},"aioseo_notices":[],"yoast_head":"<!-- This site is optimized with the Yoast SEO Premium plugin v27.4 (Yoast SEO v27.5) - https:\/\/yoast.com\/product\/yoast-seo-premium-wordpress\/ -->\n<title>Color\u00edmetro port\u00e1til led DR900  - ELICROM<\/title>\n<meta name=\"robots\" content=\"index, follow, max-snippet:-1, max-image-preview:large, max-video-preview:-1\" \/>\n<link rel=\"canonical\" href=\"https:\/\/elicrom.com\/?product=258\" \/>\n<meta property=\"og:locale\" content=\"es_ES\" \/>\n<meta property=\"og:type\" content=\"article\" \/>\n<meta property=\"og:title\" content=\"Color\u00edmetro port\u00e1til led DR900\" \/>\n<meta property=\"og:description\" content=\"El DR900 es una opci\u00f3n fant\u00e1stica cuando se trata de probar en campo m\u00faltiples par\u00e1metros. A nuestros clientes les encanta la facilidad de uso de nuestro color\u00edmetro de mano. Es\" \/>\n<meta property=\"og:url\" content=\"https:\/\/elicrom.com\/?product=258\" \/>\n<meta property=\"og:site_name\" content=\"ELICROM\" \/>\n<meta property=\"article:publisher\" content=\"https:\/\/www.facebook.com\/elicromlatam\" \/>\n<meta property=\"og:image\" content=\"https:\/\/elicrom.com\/wp-content\/uploads\/2013\/01\/258-0.jpeg\" \/>\n\t<meta property=\"og:image:width\" content=\"800\" \/>\n\t<meta property=\"og:image:height\" content=\"800\" \/>\n\t<meta property=\"og:image:type\" content=\"image\/jpeg\" \/>\n<meta name=\"twitter:card\" content=\"summary_large_image\" \/>\n<meta name=\"twitter:label1\" content=\"Tiempo de lectura\" \/>\n\t<meta name=\"twitter:data1\" content=\"2 minutos\" \/>\n<script type=\"application\/ld+json\" class=\"yoast-schema-graph\">{\"@context\":\"https:\\\/\\\/schema.org\",\"@graph\":[{\"@type\":\"WebPage\",\"@id\":\"https:\\\/\\\/elicrom.com\\\/?product=258\",\"url\":\"https:\\\/\\\/elicrom.com\\\/?product=258\",\"name\":\"Color\u00edmetro port\u00e1til led DR900 - ELICROM\",\"isPartOf\":{\"@id\":\"https:\\\/\\\/elicrom.com\\\/#website\"},\"primaryImageOfPage\":{\"@id\":\"https:\\\/\\\/elicrom.com\\\/?product=258#primaryimage\"},\"image\":{\"@id\":\"https:\\\/\\\/elicrom.com\\\/?product=258#primaryimage\"},\"thumbnailUrl\":\"https:\\\/\\\/elicrom.com\\\/wp-content\\\/uploads\\\/2013\\\/01\\\/258-0.jpeg\",\"datePublished\":\"2022-09-02T15:44:18+00:00\",\"breadcrumb\":{\"@id\":\"https:\\\/\\\/elicrom.com\\\/?product=258#breadcrumb\"},\"inLanguage\":\"es\",\"potentialAction\":[{\"@type\":\"ReadAction\",\"target\":[\"https:\\\/\\\/elicrom.com\\\/?product=258\"]}]},{\"@type\":\"ImageObject\",\"inLanguage\":\"es\",\"@id\":\"https:\\\/\\\/elicrom.com\\\/?product=258#primaryimage\",\"url\":\"https:\\\/\\\/elicrom.com\\\/wp-content\\\/uploads\\\/2013\\\/01\\\/258-0.jpeg\",\"contentUrl\":\"https:\\\/\\\/elicrom.com\\\/wp-content\\\/uploads\\\/2013\\\/01\\\/258-0.jpeg\",\"width\":800,\"height\":800},{\"@type\":\"BreadcrumbList\",\"@id\":\"https:\\\/\\\/elicrom.com\\\/?product=258#breadcrumb\",\"itemListElement\":[{\"@type\":\"ListItem\",\"position\":1,\"name\":\"Portada\",\"item\":\"https:\\\/\\\/elicrom.com\\\/\"},{\"@type\":\"ListItem\",\"position\":2,\"name\":\"Tienda en L\u00ednea\",\"item\":\"https:\\\/\\\/elicrom.com\\\/?page_id=3853\"},{\"@type\":\"ListItem\",\"position\":3,\"name\":\"Color\u00edmetro port\u00e1til led DR900\"}]},{\"@type\":\"WebSite\",\"@id\":\"https:\\\/\\\/elicrom.com\\\/#website\",\"url\":\"https:\\\/\\\/elicrom.com\\\/\",\"name\":\"ELICROM\",\"description\":\"Especializados en actividades espec\u00edficas como son las \u00e1reas de Metrolog\u00eda, Medio Ambiente, Validaciones, Mantenimiento de Equipos de Laboratorio y Construcci\u00f3n\\\/Reformas de Laboratorios.\",\"publisher\":{\"@id\":\"https:\\\/\\\/elicrom.com\\\/#organization\"},\"potentialAction\":[{\"@type\":\"SearchAction\",\"target\":{\"@type\":\"EntryPoint\",\"urlTemplate\":\"https:\\\/\\\/elicrom.com\\\/?s={search_term_string}\"},\"query-input\":{\"@type\":\"PropertyValueSpecification\",\"valueRequired\":true,\"valueName\":\"search_term_string\"}}],\"inLanguage\":\"es\"},{\"@type\":[\"Organization\",\"Place\"],\"@id\":\"https:\\\/\\\/elicrom.com\\\/#organization\",\"name\":\"ELICROM CIA. LTDA.\",\"url\":\"https:\\\/\\\/elicrom.com\\\/\",\"logo\":{\"@id\":\"https:\\\/\\\/elicrom.com\\\/?product=258#local-main-organization-logo\"},\"image\":{\"@id\":\"https:\\\/\\\/elicrom.com\\\/?product=258#local-main-organization-logo\"},\"sameAs\":[\"https:\\\/\\\/www.facebook.com\\\/elicromlatam\",\"https:\\\/\\\/www.linkedin.com\\\/company\\\/elicrom-cia-ltda\\\/\",\"https:\\\/\\\/www.instagram.com\\\/elicromlatam\\\/\",\"https:\\\/\\\/www.youtube.com\\\/channel\\\/UCdxnNtnb97QtSjABhpwY4Pw\"],\"telephone\":[],\"openingHoursSpecification\":[{\"@type\":\"OpeningHoursSpecification\",\"dayOfWeek\":[\"Monday\",\"Tuesday\",\"Wednesday\",\"Thursday\",\"Friday\",\"Saturday\",\"Sunday\"],\"opens\":\"09:00\",\"closes\":\"17:00\"}]},{\"@type\":\"ImageObject\",\"inLanguage\":\"es\",\"@id\":\"https:\\\/\\\/elicrom.com\\\/?product=258#local-main-organization-logo\",\"url\":\"https:\\\/\\\/elicrom.com\\\/wp-content\\\/uploads\\\/2026\\\/04\\\/logo-elicrom200X200.jpg\",\"contentUrl\":\"https:\\\/\\\/elicrom.com\\\/wp-content\\\/uploads\\\/2026\\\/04\\\/logo-elicrom200X200.jpg\",\"width\":200,\"height\":200,\"caption\":\"ELICROM CIA. LTDA.\"}]}<\/script>\n<!-- \/ Yoast SEO Premium plugin. -->","yoast_head_json":{"title":"Color\u00edmetro port\u00e1til led DR900  - ELICROM","robots":{"index":"index","follow":"follow","max-snippet":"max-snippet:-1","max-image-preview":"max-image-preview:large","max-video-preview":"max-video-preview:-1"},"canonical":"https:\/\/elicrom.com\/?product=258","og_locale":"es_ES","og_type":"article","og_title":"Color\u00edmetro port\u00e1til led DR900","og_description":"El DR900 es una opci\u00f3n fant\u00e1stica cuando se trata de probar en campo m\u00faltiples par\u00e1metros. A nuestros clientes les encanta la facilidad de uso de nuestro color\u00edmetro de mano. Es","og_url":"https:\/\/elicrom.com\/?product=258","og_site_name":"ELICROM","article_publisher":"https:\/\/www.facebook.com\/elicromlatam","og_image":[{"width":800,"height":800,"url":"https:\/\/elicrom.com\/wp-content\/uploads\/2013\/01\/258-0.jpeg","type":"image\/jpeg"}],"twitter_card":"summary_large_image","twitter_misc":{"Tiempo de lectura":"2 minutos"},"schema":{"@context":"https:\/\/schema.org","@graph":[{"@type":"WebPage","@id":"https:\/\/elicrom.com\/?product=258","url":"https:\/\/elicrom.com\/?product=258","name":"Color\u00edmetro port\u00e1til led DR900 - ELICROM","isPartOf":{"@id":"https:\/\/elicrom.com\/#website"},"primaryImageOfPage":{"@id":"https:\/\/elicrom.com\/?product=258#primaryimage"},"image":{"@id":"https:\/\/elicrom.com\/?product=258#primaryimage"},"thumbnailUrl":"https:\/\/elicrom.com\/wp-content\/uploads\/2013\/01\/258-0.jpeg","datePublished":"2022-09-02T15:44:18+00:00","breadcrumb":{"@id":"https:\/\/elicrom.com\/?product=258#breadcrumb"},"inLanguage":"es","potentialAction":[{"@type":"ReadAction","target":["https:\/\/elicrom.com\/?product=258"]}]},{"@type":"ImageObject","inLanguage":"es","@id":"https:\/\/elicrom.com\/?product=258#primaryimage","url":"https:\/\/elicrom.com\/wp-content\/uploads\/2013\/01\/258-0.jpeg","contentUrl":"https:\/\/elicrom.com\/wp-content\/uploads\/2013\/01\/258-0.jpeg","width":800,"height":800},{"@type":"BreadcrumbList","@id":"https:\/\/elicrom.com\/?product=258#breadcrumb","itemListElement":[{"@type":"ListItem","position":1,"name":"Portada","item":"https:\/\/elicrom.com\/"},{"@type":"ListItem","position":2,"name":"Tienda en L\u00ednea","item":"https:\/\/elicrom.com\/?page_id=3853"},{"@type":"ListItem","position":3,"name":"Color\u00edmetro port\u00e1til led DR900"}]},{"@type":"WebSite","@id":"https:\/\/elicrom.com\/#website","url":"https:\/\/elicrom.com\/","name":"ELICROM","description":"Especializados en actividades espec\u00edficas como son las \u00e1reas de Metrolog\u00eda, Medio Ambiente, Validaciones, Mantenimiento de Equipos de Laboratorio y Construcci\u00f3n\/Reformas de Laboratorios.","publisher":{"@id":"https:\/\/elicrom.com\/#organization"},"potentialAction":[{"@type":"SearchAction","target":{"@type":"EntryPoint","urlTemplate":"https:\/\/elicrom.com\/?s={search_term_string}"},"query-input":{"@type":"PropertyValueSpecification","valueRequired":true,"valueName":"search_term_string"}}],"inLanguage":"es"},{"@type":["Organization","Place"],"@id":"https:\/\/elicrom.com\/#organization","name":"ELICROM CIA. LTDA.","url":"https:\/\/elicrom.com\/","logo":{"@id":"https:\/\/elicrom.com\/?product=258#local-main-organization-logo"},"image":{"@id":"https:\/\/elicrom.com\/?product=258#local-main-organization-logo"},"sameAs":["https:\/\/www.facebook.com\/elicromlatam","https:\/\/www.linkedin.com\/company\/elicrom-cia-ltda\/","https:\/\/www.instagram.com\/elicromlatam\/","https:\/\/www.youtube.com\/channel\/UCdxnNtnb97QtSjABhpwY4Pw"],"telephone":[],"openingHoursSpecification":[{"@type":"OpeningHoursSpecification","dayOfWeek":["Monday","Tuesday","Wednesday","Thursday","Friday","Saturday","Sunday"],"opens":"09:00","closes":"17:00"}]},{"@type":"ImageObject","inLanguage":"es","@id":"https:\/\/elicrom.com\/?product=258#local-main-organization-logo","url":"https:\/\/elicrom.com\/wp-content\/uploads\/2026\/04\/logo-elicrom200X200.jpg","contentUrl":"https:\/\/elicrom.com\/wp-content\/uploads\/2026\/04\/logo-elicrom200X200.jpg","width":200,"height":200,"caption":"ELICROM CIA. LTDA."}]}},"_links":{"self":[{"href":"https:\/\/elicrom.com\/index.php?rest_route=\/wp\/v2\/product\/62403","targetHints":{"allow":["GET"]}}],"collection":[{"href":"https:\/\/elicrom.com\/index.php?rest_route=\/wp\/v2\/product"}],"about":[{"href":"https:\/\/elicrom.com\/index.php?rest_route=\/wp\/v2\/types\/product"}],"replies":[{"embeddable":true,"href":"https:\/\/elicrom.com\/index.php?rest_route=%2Fwp%2Fv2%2Fcomments&post=62403"}],"wp:featuredmedia":[{"embeddable":true,"href":"https:\/\/elicrom.com\/index.php?rest_route=\/wp\/v2\/media\/136064"}],"wp:attachment":[{"href":"https:\/\/elicrom.com\/index.php?rest_route=%2Fwp%2Fv2%2Fmedia&parent=62403"}],"wp:term":[{"taxonomy":"product_brand","embeddable":true,"href":"https:\/\/elicrom.com\/index.php?rest_route=%2Fwp%2Fv2%2Fproduct_brand&post=62403"},{"taxonomy":"product_cat","embeddable":true,"href":"https:\/\/elicrom.com\/index.php?rest_route=%2Fwp%2Fv2%2Fproduct_cat&post=62403"},{"taxonomy":"product_tag","embeddable":true,"href":"https:\/\/elicrom.com\/index.php?rest_route=%2Fwp%2Fv2%2Fproduct_tag&post=62403"}],"curies":[{"name":"wp","href":"https:\/\/api.w.org\/{rel}","templated":true}]}}