
{"id":118615,"date":"2022-09-04T17:14:54","date_gmt":"2022-09-04T17:14:54","guid":{"rendered":"https:\/\/elicrom.com\/?post_type=product&#038;p=118615"},"modified":"2022-09-04T17:14:54","modified_gmt":"2022-09-04T17:14:54","slug":"28588-estacion-meteorologica-inalambrica-celular-3g-4g","status":"publish","type":"product","link":"https:\/\/elicrom.com\/?product=28588-estacion-meteorologica-inalambrica-celular-3g-4g","title":{"rendered":"Estaci\u00f3n meteorol\u00f3gica inal\u00e1mbrica celular 3G\/4G"},"content":{"rendered":"<p>Par\u00e1metros:<br \/>\nTemperatura y humedad interior\/exterior Velocidad del viento, velocidad de r\u00e1fagas y direcci\u00f3n del viento Velocidad de lluvia barom\u00e9trica absoluta y relativa y totales para d\u00eda, semana, mes, a\u00f1o y tiempo de vida Total de fr\u00edo de viento calculado, punto de roc\u00edo e \u00edndice de calor Intensidad de luz solar e \u00cdndice UV Unidades de visualizaci\u00f3n seleccionables para cada sensor: C o F (temperatura); mph, km\/h, m\/s, nudos o Beaufort (velocidad del viento); inHg, hPa o mmHg (presi\u00f3n); in o mm (lluvia); valores lux, fc o w\/m2 (iluminaci\u00f3n solar) Max\/Min para sensores.<\/p>\n<p>Especificaciones:<br \/>\n-Sensor exterior Distancia de transmisi\u00f3n en campo abierto: 300 pies;<br \/>\n-Rango de temperatura: -40 \u00b0 C &#8211; 60 \u00b0 C;<br \/>\n-Precisi\u00f3n: rango de humedad de -16.67 \u00b0 C: 10% ~ 99%; Precisi\u00f3n: 5%<br \/>\n-Rango de visualizaci\u00f3n de volumen de lluvia: 0\u2013199.99 in; Precisi\u00f3n: 10%<br \/>\n-Intervalo de informes del sensor: 16 segundos<br \/>\n-Rango de temperatura del sensor interior: -10 \u00b0 C &#8211; 60 \u00b0 C;<br \/>\n-Rango de humedad: 10% ~ 99%<br \/>\n-Intervalo de informe del sensor: 61 segundos<br \/>\n-Estaci\u00f3n base de energ\u00eda: 1x bater\u00eda 18650 o cargador USB (todo incluido)<br \/>\n-Panel solar (respaldo): Voc: 6.2V, Isc: 500mA,<br \/>\n-Tama\u00f1o: 195 * 138mm Sensor interior: 2 x AA 1.5 Pilas alcalinas (no incluidas)<br \/>\n-Sensor exterior: Panel solar (incorporado); 2 x AA 1.5V LR6 Alcalino (respaldo, no incluido)<\/p>\n","protected":false},"excerpt":{"rendered":"<p>Par\u00e1metros: Temperatura y humedad interior\/exterior Velocidad del viento, velocidad de r\u00e1fagas y direcci\u00f3n del viento Velocidad de lluvia barom\u00e9trica absoluta y relativa y totales para d\u00eda, semana, mes, a\u00f1o y<\/p>\n","protected":false},"featured_media":118616,"comment_status":"open","ping_status":"closed","template":"","meta":[],"product_brand":[],"product_cat":[3503,3514,1950],"product_tag":[],"class_list":{"0":"post-118615","1":"product","2":"type-product","3":"status-publish","4":"has-post-thumbnail","6":"product_cat-Analizadores-de-gases","7":"product_cat-Estacionarios","8":"product_cat-instrumentacion-menu","10":"first","11":"instock","12":"sale","13":"taxable","14":"shipping-taxable","15":"purchasable","16":"product-type-simple"},"aioseo_notices":[],"yoast_head":"<!-- This site is optimized with the Yoast SEO Premium plugin v27.4 (Yoast SEO v27.5) - https:\/\/yoast.com\/product\/yoast-seo-premium-wordpress\/ -->\n<title>Estaci\u00f3n meteorol\u00f3gica inal\u00e1mbrica celular 3G\/4G - ELICROM<\/title>\n<meta name=\"robots\" content=\"index, follow, max-snippet:-1, max-image-preview:large, max-video-preview:-1\" \/>\n<link rel=\"canonical\" href=\"https:\/\/elicrom.com\/?product=28588\" \/>\n<meta property=\"og:locale\" content=\"es_ES\" \/>\n<meta property=\"og:type\" content=\"article\" \/>\n<meta property=\"og:title\" content=\"Estaci\u00f3n meteorol\u00f3gica inal\u00e1mbrica celular 3G\/4G\" \/>\n<meta property=\"og:description\" content=\"Par\u00e1metros: Temperatura y humedad interior\/exterior Velocidad del viento, velocidad de r\u00e1fagas y direcci\u00f3n del viento Velocidad de lluvia barom\u00e9trica absoluta y relativa y totales para d\u00eda, semana, mes, a\u00f1o y\" \/>\n<meta property=\"og:url\" content=\"https:\/\/elicrom.com\/?product=28588\" \/>\n<meta property=\"og:site_name\" content=\"ELICROM\" \/>\n<meta property=\"article:publisher\" content=\"https:\/\/www.facebook.com\/elicromlatam\" \/>\n<meta property=\"og:image\" content=\"https:\/\/elicrom.com\/wp-content\/uploads\/2013\/08\/28588-0.jpeg\" \/>\n\t<meta property=\"og:image:width\" content=\"800\" \/>\n\t<meta property=\"og:image:height\" content=\"800\" \/>\n\t<meta property=\"og:image:type\" content=\"image\/jpeg\" \/>\n<meta name=\"twitter:card\" content=\"summary_large_image\" \/>\n<meta name=\"twitter:label1\" content=\"Tiempo de lectura\" \/>\n\t<meta name=\"twitter:data1\" content=\"1 minuto\" \/>\n<script type=\"application\/ld+json\" class=\"yoast-schema-graph\">{\"@context\":\"https:\\\/\\\/schema.org\",\"@graph\":[{\"@type\":\"WebPage\",\"@id\":\"https:\\\/\\\/elicrom.com\\\/?product=28588\",\"url\":\"https:\\\/\\\/elicrom.com\\\/?product=28588\",\"name\":\"Estaci\u00f3n meteorol\u00f3gica inal\u00e1mbrica celular 3G\\\/4G - ELICROM\",\"isPartOf\":{\"@id\":\"https:\\\/\\\/elicrom.com\\\/#website\"},\"primaryImageOfPage\":{\"@id\":\"https:\\\/\\\/elicrom.com\\\/?product=28588#primaryimage\"},\"image\":{\"@id\":\"https:\\\/\\\/elicrom.com\\\/?product=28588#primaryimage\"},\"thumbnailUrl\":\"https:\\\/\\\/elicrom.com\\\/wp-content\\\/uploads\\\/2013\\\/08\\\/28588-0.jpeg\",\"datePublished\":\"2022-09-04T17:14:54+00:00\",\"breadcrumb\":{\"@id\":\"https:\\\/\\\/elicrom.com\\\/?product=28588#breadcrumb\"},\"inLanguage\":\"es\",\"potentialAction\":[{\"@type\":\"ReadAction\",\"target\":[\"https:\\\/\\\/elicrom.com\\\/?product=28588\"]}]},{\"@type\":\"ImageObject\",\"inLanguage\":\"es\",\"@id\":\"https:\\\/\\\/elicrom.com\\\/?product=28588#primaryimage\",\"url\":\"https:\\\/\\\/elicrom.com\\\/wp-content\\\/uploads\\\/2013\\\/08\\\/28588-0.jpeg\",\"contentUrl\":\"https:\\\/\\\/elicrom.com\\\/wp-content\\\/uploads\\\/2013\\\/08\\\/28588-0.jpeg\",\"width\":800,\"height\":800},{\"@type\":\"BreadcrumbList\",\"@id\":\"https:\\\/\\\/elicrom.com\\\/?product=28588#breadcrumb\",\"itemListElement\":[{\"@type\":\"ListItem\",\"position\":1,\"name\":\"Portada\",\"item\":\"https:\\\/\\\/elicrom.com\\\/\"},{\"@type\":\"ListItem\",\"position\":2,\"name\":\"Tienda en L\u00ednea\",\"item\":\"https:\\\/\\\/elicrom.com\\\/?page_id=3853\"},{\"@type\":\"ListItem\",\"position\":3,\"name\":\"Estaci\u00f3n meteorol\u00f3gica inal\u00e1mbrica celular 3G\\\/4G\"}]},{\"@type\":\"WebSite\",\"@id\":\"https:\\\/\\\/elicrom.com\\\/#website\",\"url\":\"https:\\\/\\\/elicrom.com\\\/\",\"name\":\"ELICROM\",\"description\":\"Especializados en actividades espec\u00edficas como son las \u00e1reas de Metrolog\u00eda, Medio Ambiente, Validaciones, Mantenimiento de Equipos de Laboratorio y Construcci\u00f3n\\\/Reformas de Laboratorios.\",\"publisher\":{\"@id\":\"https:\\\/\\\/elicrom.com\\\/#organization\"},\"potentialAction\":[{\"@type\":\"SearchAction\",\"target\":{\"@type\":\"EntryPoint\",\"urlTemplate\":\"https:\\\/\\\/elicrom.com\\\/?s={search_term_string}\"},\"query-input\":{\"@type\":\"PropertyValueSpecification\",\"valueRequired\":true,\"valueName\":\"search_term_string\"}}],\"inLanguage\":\"es\"},{\"@type\":[\"Organization\",\"Place\"],\"@id\":\"https:\\\/\\\/elicrom.com\\\/#organization\",\"name\":\"ELICROM CIA. LTDA.\",\"url\":\"https:\\\/\\\/elicrom.com\\\/\",\"logo\":{\"@id\":\"https:\\\/\\\/elicrom.com\\\/?product=28588#local-main-organization-logo\"},\"image\":{\"@id\":\"https:\\\/\\\/elicrom.com\\\/?product=28588#local-main-organization-logo\"},\"sameAs\":[\"https:\\\/\\\/www.facebook.com\\\/elicromlatam\",\"https:\\\/\\\/www.linkedin.com\\\/company\\\/elicrom-cia-ltda\\\/\",\"https:\\\/\\\/www.instagram.com\\\/elicromlatam\\\/\",\"https:\\\/\\\/www.youtube.com\\\/channel\\\/UCdxnNtnb97QtSjABhpwY4Pw\"],\"telephone\":[],\"openingHoursSpecification\":[{\"@type\":\"OpeningHoursSpecification\",\"dayOfWeek\":[\"Monday\",\"Tuesday\",\"Wednesday\",\"Thursday\",\"Friday\",\"Saturday\",\"Sunday\"],\"opens\":\"09:00\",\"closes\":\"17:00\"}]},{\"@type\":\"ImageObject\",\"inLanguage\":\"es\",\"@id\":\"https:\\\/\\\/elicrom.com\\\/?product=28588#local-main-organization-logo\",\"url\":\"https:\\\/\\\/elicrom.com\\\/wp-content\\\/uploads\\\/2026\\\/04\\\/logo-elicrom200X200.jpg\",\"contentUrl\":\"https:\\\/\\\/elicrom.com\\\/wp-content\\\/uploads\\\/2026\\\/04\\\/logo-elicrom200X200.jpg\",\"width\":200,\"height\":200,\"caption\":\"ELICROM CIA. LTDA.\"}]}<\/script>\n<!-- \/ Yoast SEO Premium plugin. -->","yoast_head_json":{"title":"Estaci\u00f3n meteorol\u00f3gica inal\u00e1mbrica celular 3G\/4G - ELICROM","robots":{"index":"index","follow":"follow","max-snippet":"max-snippet:-1","max-image-preview":"max-image-preview:large","max-video-preview":"max-video-preview:-1"},"canonical":"https:\/\/elicrom.com\/?product=28588","og_locale":"es_ES","og_type":"article","og_title":"Estaci\u00f3n meteorol\u00f3gica inal\u00e1mbrica celular 3G\/4G","og_description":"Par\u00e1metros: Temperatura y humedad interior\/exterior Velocidad del viento, velocidad de r\u00e1fagas y direcci\u00f3n del viento Velocidad de lluvia barom\u00e9trica absoluta y relativa y totales para d\u00eda, semana, mes, a\u00f1o y","og_url":"https:\/\/elicrom.com\/?product=28588","og_site_name":"ELICROM","article_publisher":"https:\/\/www.facebook.com\/elicromlatam","og_image":[{"width":800,"height":800,"url":"https:\/\/elicrom.com\/wp-content\/uploads\/2013\/08\/28588-0.jpeg","type":"image\/jpeg"}],"twitter_card":"summary_large_image","twitter_misc":{"Tiempo de lectura":"1 minuto"},"schema":{"@context":"https:\/\/schema.org","@graph":[{"@type":"WebPage","@id":"https:\/\/elicrom.com\/?product=28588","url":"https:\/\/elicrom.com\/?product=28588","name":"Estaci\u00f3n meteorol\u00f3gica inal\u00e1mbrica celular 3G\/4G - ELICROM","isPartOf":{"@id":"https:\/\/elicrom.com\/#website"},"primaryImageOfPage":{"@id":"https:\/\/elicrom.com\/?product=28588#primaryimage"},"image":{"@id":"https:\/\/elicrom.com\/?product=28588#primaryimage"},"thumbnailUrl":"https:\/\/elicrom.com\/wp-content\/uploads\/2013\/08\/28588-0.jpeg","datePublished":"2022-09-04T17:14:54+00:00","breadcrumb":{"@id":"https:\/\/elicrom.com\/?product=28588#breadcrumb"},"inLanguage":"es","potentialAction":[{"@type":"ReadAction","target":["https:\/\/elicrom.com\/?product=28588"]}]},{"@type":"ImageObject","inLanguage":"es","@id":"https:\/\/elicrom.com\/?product=28588#primaryimage","url":"https:\/\/elicrom.com\/wp-content\/uploads\/2013\/08\/28588-0.jpeg","contentUrl":"https:\/\/elicrom.com\/wp-content\/uploads\/2013\/08\/28588-0.jpeg","width":800,"height":800},{"@type":"BreadcrumbList","@id":"https:\/\/elicrom.com\/?product=28588#breadcrumb","itemListElement":[{"@type":"ListItem","position":1,"name":"Portada","item":"https:\/\/elicrom.com\/"},{"@type":"ListItem","position":2,"name":"Tienda en L\u00ednea","item":"https:\/\/elicrom.com\/?page_id=3853"},{"@type":"ListItem","position":3,"name":"Estaci\u00f3n meteorol\u00f3gica inal\u00e1mbrica celular 3G\/4G"}]},{"@type":"WebSite","@id":"https:\/\/elicrom.com\/#website","url":"https:\/\/elicrom.com\/","name":"ELICROM","description":"Especializados en actividades espec\u00edficas como son las \u00e1reas de Metrolog\u00eda, Medio Ambiente, Validaciones, Mantenimiento de Equipos de Laboratorio y Construcci\u00f3n\/Reformas de Laboratorios.","publisher":{"@id":"https:\/\/elicrom.com\/#organization"},"potentialAction":[{"@type":"SearchAction","target":{"@type":"EntryPoint","urlTemplate":"https:\/\/elicrom.com\/?s={search_term_string}"},"query-input":{"@type":"PropertyValueSpecification","valueRequired":true,"valueName":"search_term_string"}}],"inLanguage":"es"},{"@type":["Organization","Place"],"@id":"https:\/\/elicrom.com\/#organization","name":"ELICROM CIA. LTDA.","url":"https:\/\/elicrom.com\/","logo":{"@id":"https:\/\/elicrom.com\/?product=28588#local-main-organization-logo"},"image":{"@id":"https:\/\/elicrom.com\/?product=28588#local-main-organization-logo"},"sameAs":["https:\/\/www.facebook.com\/elicromlatam","https:\/\/www.linkedin.com\/company\/elicrom-cia-ltda\/","https:\/\/www.instagram.com\/elicromlatam\/","https:\/\/www.youtube.com\/channel\/UCdxnNtnb97QtSjABhpwY4Pw"],"telephone":[],"openingHoursSpecification":[{"@type":"OpeningHoursSpecification","dayOfWeek":["Monday","Tuesday","Wednesday","Thursday","Friday","Saturday","Sunday"],"opens":"09:00","closes":"17:00"}]},{"@type":"ImageObject","inLanguage":"es","@id":"https:\/\/elicrom.com\/?product=28588#local-main-organization-logo","url":"https:\/\/elicrom.com\/wp-content\/uploads\/2026\/04\/logo-elicrom200X200.jpg","contentUrl":"https:\/\/elicrom.com\/wp-content\/uploads\/2026\/04\/logo-elicrom200X200.jpg","width":200,"height":200,"caption":"ELICROM CIA. LTDA."}]}},"_links":{"self":[{"href":"https:\/\/elicrom.com\/index.php?rest_route=\/wp\/v2\/product\/118615","targetHints":{"allow":["GET"]}}],"collection":[{"href":"https:\/\/elicrom.com\/index.php?rest_route=\/wp\/v2\/product"}],"about":[{"href":"https:\/\/elicrom.com\/index.php?rest_route=\/wp\/v2\/types\/product"}],"replies":[{"embeddable":true,"href":"https:\/\/elicrom.com\/index.php?rest_route=%2Fwp%2Fv2%2Fcomments&post=118615"}],"wp:featuredmedia":[{"embeddable":true,"href":"https:\/\/elicrom.com\/index.php?rest_route=\/wp\/v2\/media\/118616"}],"wp:attachment":[{"href":"https:\/\/elicrom.com\/index.php?rest_route=%2Fwp%2Fv2%2Fmedia&parent=118615"}],"wp:term":[{"taxonomy":"product_brand","embeddable":true,"href":"https:\/\/elicrom.com\/index.php?rest_route=%2Fwp%2Fv2%2Fproduct_brand&post=118615"},{"taxonomy":"product_cat","embeddable":true,"href":"https:\/\/elicrom.com\/index.php?rest_route=%2Fwp%2Fv2%2Fproduct_cat&post=118615"},{"taxonomy":"product_tag","embeddable":true,"href":"https:\/\/elicrom.com\/index.php?rest_route=%2Fwp%2Fv2%2Fproduct_tag&post=118615"}],"curies":[{"name":"wp","href":"https:\/\/api.w.org\/{rel}","templated":true}]}}