
{"id":117781,"date":"2022-09-04T16:34:20","date_gmt":"2022-09-04T16:34:20","guid":{"rendered":"https:\/\/elicrom.com\/?post_type=product&#038;p=117781"},"modified":"2022-09-04T16:34:20","modified_gmt":"2022-09-04T16:34:20","slug":"28168-circulador-de-inmersion-con-calefaccion","status":"publish","type":"product","link":"https:\/\/elicrom.com\/?product=28168-circulador-de-inmersion-con-calefaccion","title":{"rendered":"Circulador de inmersi\u00f3n con calefacci\u00f3n"},"content":{"rendered":"<p>Especificaciones:<br \/>\n-Intervalo de temperatura: 20\u00b0C to 100\u00b0C<br \/>\n-Modelo: ED<br \/>\n-Estabilidad de la temperatura: \u00b10.03\u00b0C<br \/>\n-Anchura (m\u00e9trico): 13 cm<br \/>\n-Peso (m\u00e9trico): 3.3 kg<br \/>\n-Tensi\u00f3n: 230 V<br \/>\n-Caudales 15L\/min.<br \/>\n-Pantalla LED<br \/>\n-Temperatura m\u00e1xima (m\u00e9trica) 100\u00b0C<br \/>\n-Longitud (m\u00e9trica) 15 cm<br \/>\n-Altura (m\u00e9trica) 33 cm<br \/>\n-Requisitos el\u00e9ctricos 230 V 50 Hz 9 A, 230 V 60 Hz 8\/9 A<br \/>\n-Frecuencia 50\/60 Hz<br \/>\n-Intervalo de temperatura 20\u00b0C a 100\u00b0C<\/p>\n<p><\/p>\n","protected":false},"excerpt":{"rendered":"<p>Especificaciones: -Intervalo de temperatura: 20\u00b0C to 100\u00b0C -Modelo: ED -Estabilidad de la temperatura: \u00b10.03\u00b0C -Anchura (m\u00e9trico): 13 cm -Peso (m\u00e9trico): 3.3 kg -Tensi\u00f3n: 230 V -Caudales 15L\/min. -Pantalla LED -Temperatura<\/p>\n","protected":false},"featured_media":137415,"comment_status":"open","ping_status":"closed","template":"","meta":[],"product_brand":[],"product_cat":[3335,3328,1,3576,3577],"product_tag":[],"class_list":{"0":"post-117781","1":"product","2":"type-product","3":"status-publish","4":"has-post-thumbnail","6":"product_cat-Agitador-calentador","7":"product_cat-Agitadores","8":"product_cat-uncategorized","9":"product_cat-general","10":"product_cat-ofertas","12":"first","13":"instock","14":"sale","15":"taxable","16":"shipping-taxable","17":"purchasable","18":"product-type-simple"},"aioseo_notices":[],"yoast_head":"<!-- This site is optimized with the Yoast SEO Premium plugin v27.4 (Yoast SEO v27.5) - https:\/\/yoast.com\/product\/yoast-seo-premium-wordpress\/ -->\n<title>Circulador de inmersi\u00f3n con calefacci\u00f3n - ELICROM<\/title>\n<meta name=\"robots\" content=\"index, follow, max-snippet:-1, max-image-preview:large, max-video-preview:-1\" \/>\n<link rel=\"canonical\" href=\"https:\/\/elicrom.com\/?product=28168\" \/>\n<meta property=\"og:locale\" content=\"es_ES\" \/>\n<meta property=\"og:type\" content=\"article\" \/>\n<meta property=\"og:title\" content=\"Circulador de inmersi\u00f3n con calefacci\u00f3n\" \/>\n<meta property=\"og:description\" content=\"Especificaciones: -Intervalo de temperatura: 20\u00b0C to 100\u00b0C -Modelo: ED -Estabilidad de la temperatura: \u00b10.03\u00b0C -Anchura (m\u00e9trico): 13 cm -Peso (m\u00e9trico): 3.3 kg -Tensi\u00f3n: 230 V -Caudales 15L\/min. -Pantalla LED -Temperatura\" \/>\n<meta property=\"og:url\" content=\"https:\/\/elicrom.com\/?product=28168\" \/>\n<meta property=\"og:site_name\" content=\"ELICROM\" \/>\n<meta property=\"article:publisher\" content=\"https:\/\/www.facebook.com\/elicromlatam\" \/>\n<meta name=\"twitter:card\" content=\"summary_large_image\" \/>\n<script type=\"application\/ld+json\" class=\"yoast-schema-graph\">{\"@context\":\"https:\\\/\\\/schema.org\",\"@graph\":[{\"@type\":\"WebPage\",\"@id\":\"https:\\\/\\\/elicrom.com\\\/?product=28168\",\"url\":\"https:\\\/\\\/elicrom.com\\\/?product=28168\",\"name\":\"Circulador de inmersi\u00f3n con calefacci\u00f3n - ELICROM\",\"isPartOf\":{\"@id\":\"https:\\\/\\\/elicrom.com\\\/#website\"},\"primaryImageOfPage\":{\"@id\":\"https:\\\/\\\/elicrom.com\\\/?product=28168#primaryimage\"},\"image\":{\"@id\":\"https:\\\/\\\/elicrom.com\\\/?product=28168#primaryimage\"},\"thumbnailUrl\":\"https:\\\/\\\/elicrom.com\\\/wp-content\\\/uploads\\\/2014\\\/08\\\/28168-0.jpg\",\"datePublished\":\"2022-09-04T16:34:20+00:00\",\"breadcrumb\":{\"@id\":\"https:\\\/\\\/elicrom.com\\\/?product=28168#breadcrumb\"},\"inLanguage\":\"es\",\"potentialAction\":[{\"@type\":\"ReadAction\",\"target\":[\"https:\\\/\\\/elicrom.com\\\/?product=28168\"]}]},{\"@type\":\"ImageObject\",\"inLanguage\":\"es\",\"@id\":\"https:\\\/\\\/elicrom.com\\\/?product=28168#primaryimage\",\"url\":\"https:\\\/\\\/elicrom.com\\\/wp-content\\\/uploads\\\/2014\\\/08\\\/28168-0.jpg\",\"contentUrl\":\"https:\\\/\\\/elicrom.com\\\/wp-content\\\/uploads\\\/2014\\\/08\\\/28168-0.jpg\",\"width\":800,\"height\":800},{\"@type\":\"BreadcrumbList\",\"@id\":\"https:\\\/\\\/elicrom.com\\\/?product=28168#breadcrumb\",\"itemListElement\":[{\"@type\":\"ListItem\",\"position\":1,\"name\":\"Portada\",\"item\":\"https:\\\/\\\/elicrom.com\\\/\"},{\"@type\":\"ListItem\",\"position\":2,\"name\":\"Tienda en L\u00ednea\",\"item\":\"https:\\\/\\\/elicrom.com\\\/?page_id=3853\"},{\"@type\":\"ListItem\",\"position\":3,\"name\":\"Circulador de inmersi\u00f3n con calefacci\u00f3n\"}]},{\"@type\":\"WebSite\",\"@id\":\"https:\\\/\\\/elicrom.com\\\/#website\",\"url\":\"https:\\\/\\\/elicrom.com\\\/\",\"name\":\"ELICROM\",\"description\":\"Especializados en actividades espec\u00edficas como son las \u00e1reas de Metrolog\u00eda, Medio Ambiente, Validaciones, Mantenimiento de Equipos de Laboratorio y Construcci\u00f3n\\\/Reformas de Laboratorios.\",\"publisher\":{\"@id\":\"https:\\\/\\\/elicrom.com\\\/#organization\"},\"potentialAction\":[{\"@type\":\"SearchAction\",\"target\":{\"@type\":\"EntryPoint\",\"urlTemplate\":\"https:\\\/\\\/elicrom.com\\\/?s={search_term_string}\"},\"query-input\":{\"@type\":\"PropertyValueSpecification\",\"valueRequired\":true,\"valueName\":\"search_term_string\"}}],\"inLanguage\":\"es\"},{\"@type\":[\"Organization\",\"Place\"],\"@id\":\"https:\\\/\\\/elicrom.com\\\/#organization\",\"name\":\"ELICROM CIA. LTDA.\",\"url\":\"https:\\\/\\\/elicrom.com\\\/\",\"logo\":{\"@id\":\"https:\\\/\\\/elicrom.com\\\/?product=28168#local-main-organization-logo\"},\"image\":{\"@id\":\"https:\\\/\\\/elicrom.com\\\/?product=28168#local-main-organization-logo\"},\"sameAs\":[\"https:\\\/\\\/www.facebook.com\\\/elicromlatam\",\"https:\\\/\\\/www.linkedin.com\\\/company\\\/elicrom-cia-ltda\\\/\",\"https:\\\/\\\/www.instagram.com\\\/elicromlatam\\\/\",\"https:\\\/\\\/www.youtube.com\\\/channel\\\/UCdxnNtnb97QtSjABhpwY4Pw\"],\"telephone\":[],\"openingHoursSpecification\":[{\"@type\":\"OpeningHoursSpecification\",\"dayOfWeek\":[\"Monday\",\"Tuesday\",\"Wednesday\",\"Thursday\",\"Friday\",\"Saturday\",\"Sunday\"],\"opens\":\"09:00\",\"closes\":\"17:00\"}]},{\"@type\":\"ImageObject\",\"inLanguage\":\"es\",\"@id\":\"https:\\\/\\\/elicrom.com\\\/?product=28168#local-main-organization-logo\",\"url\":\"https:\\\/\\\/elicrom.com\\\/wp-content\\\/uploads\\\/2026\\\/04\\\/logo-elicrom200X200.jpg\",\"contentUrl\":\"https:\\\/\\\/elicrom.com\\\/wp-content\\\/uploads\\\/2026\\\/04\\\/logo-elicrom200X200.jpg\",\"width\":200,\"height\":200,\"caption\":\"ELICROM CIA. LTDA.\"}]}<\/script>\n<!-- \/ Yoast SEO Premium plugin. -->","yoast_head_json":{"title":"Circulador de inmersi\u00f3n con calefacci\u00f3n - ELICROM","robots":{"index":"index","follow":"follow","max-snippet":"max-snippet:-1","max-image-preview":"max-image-preview:large","max-video-preview":"max-video-preview:-1"},"canonical":"https:\/\/elicrom.com\/?product=28168","og_locale":"es_ES","og_type":"article","og_title":"Circulador de inmersi\u00f3n con calefacci\u00f3n","og_description":"Especificaciones: -Intervalo de temperatura: 20\u00b0C to 100\u00b0C -Modelo: ED -Estabilidad de la temperatura: \u00b10.03\u00b0C -Anchura (m\u00e9trico): 13 cm -Peso (m\u00e9trico): 3.3 kg -Tensi\u00f3n: 230 V -Caudales 15L\/min. -Pantalla LED -Temperatura","og_url":"https:\/\/elicrom.com\/?product=28168","og_site_name":"ELICROM","article_publisher":"https:\/\/www.facebook.com\/elicromlatam","twitter_card":"summary_large_image","schema":{"@context":"https:\/\/schema.org","@graph":[{"@type":"WebPage","@id":"https:\/\/elicrom.com\/?product=28168","url":"https:\/\/elicrom.com\/?product=28168","name":"Circulador de inmersi\u00f3n con calefacci\u00f3n - ELICROM","isPartOf":{"@id":"https:\/\/elicrom.com\/#website"},"primaryImageOfPage":{"@id":"https:\/\/elicrom.com\/?product=28168#primaryimage"},"image":{"@id":"https:\/\/elicrom.com\/?product=28168#primaryimage"},"thumbnailUrl":"https:\/\/elicrom.com\/wp-content\/uploads\/2014\/08\/28168-0.jpg","datePublished":"2022-09-04T16:34:20+00:00","breadcrumb":{"@id":"https:\/\/elicrom.com\/?product=28168#breadcrumb"},"inLanguage":"es","potentialAction":[{"@type":"ReadAction","target":["https:\/\/elicrom.com\/?product=28168"]}]},{"@type":"ImageObject","inLanguage":"es","@id":"https:\/\/elicrom.com\/?product=28168#primaryimage","url":"https:\/\/elicrom.com\/wp-content\/uploads\/2014\/08\/28168-0.jpg","contentUrl":"https:\/\/elicrom.com\/wp-content\/uploads\/2014\/08\/28168-0.jpg","width":800,"height":800},{"@type":"BreadcrumbList","@id":"https:\/\/elicrom.com\/?product=28168#breadcrumb","itemListElement":[{"@type":"ListItem","position":1,"name":"Portada","item":"https:\/\/elicrom.com\/"},{"@type":"ListItem","position":2,"name":"Tienda en L\u00ednea","item":"https:\/\/elicrom.com\/?page_id=3853"},{"@type":"ListItem","position":3,"name":"Circulador de inmersi\u00f3n con calefacci\u00f3n"}]},{"@type":"WebSite","@id":"https:\/\/elicrom.com\/#website","url":"https:\/\/elicrom.com\/","name":"ELICROM","description":"Especializados en actividades espec\u00edficas como son las \u00e1reas de Metrolog\u00eda, Medio Ambiente, Validaciones, Mantenimiento de Equipos de Laboratorio y Construcci\u00f3n\/Reformas de Laboratorios.","publisher":{"@id":"https:\/\/elicrom.com\/#organization"},"potentialAction":[{"@type":"SearchAction","target":{"@type":"EntryPoint","urlTemplate":"https:\/\/elicrom.com\/?s={search_term_string}"},"query-input":{"@type":"PropertyValueSpecification","valueRequired":true,"valueName":"search_term_string"}}],"inLanguage":"es"},{"@type":["Organization","Place"],"@id":"https:\/\/elicrom.com\/#organization","name":"ELICROM CIA. LTDA.","url":"https:\/\/elicrom.com\/","logo":{"@id":"https:\/\/elicrom.com\/?product=28168#local-main-organization-logo"},"image":{"@id":"https:\/\/elicrom.com\/?product=28168#local-main-organization-logo"},"sameAs":["https:\/\/www.facebook.com\/elicromlatam","https:\/\/www.linkedin.com\/company\/elicrom-cia-ltda\/","https:\/\/www.instagram.com\/elicromlatam\/","https:\/\/www.youtube.com\/channel\/UCdxnNtnb97QtSjABhpwY4Pw"],"telephone":[],"openingHoursSpecification":[{"@type":"OpeningHoursSpecification","dayOfWeek":["Monday","Tuesday","Wednesday","Thursday","Friday","Saturday","Sunday"],"opens":"09:00","closes":"17:00"}]},{"@type":"ImageObject","inLanguage":"es","@id":"https:\/\/elicrom.com\/?product=28168#local-main-organization-logo","url":"https:\/\/elicrom.com\/wp-content\/uploads\/2026\/04\/logo-elicrom200X200.jpg","contentUrl":"https:\/\/elicrom.com\/wp-content\/uploads\/2026\/04\/logo-elicrom200X200.jpg","width":200,"height":200,"caption":"ELICROM CIA. LTDA."}]}},"_links":{"self":[{"href":"https:\/\/elicrom.com\/index.php?rest_route=\/wp\/v2\/product\/117781","targetHints":{"allow":["GET"]}}],"collection":[{"href":"https:\/\/elicrom.com\/index.php?rest_route=\/wp\/v2\/product"}],"about":[{"href":"https:\/\/elicrom.com\/index.php?rest_route=\/wp\/v2\/types\/product"}],"replies":[{"embeddable":true,"href":"https:\/\/elicrom.com\/index.php?rest_route=%2Fwp%2Fv2%2Fcomments&post=117781"}],"wp:featuredmedia":[{"embeddable":true,"href":"https:\/\/elicrom.com\/index.php?rest_route=\/wp\/v2\/media\/137415"}],"wp:attachment":[{"href":"https:\/\/elicrom.com\/index.php?rest_route=%2Fwp%2Fv2%2Fmedia&parent=117781"}],"wp:term":[{"taxonomy":"product_brand","embeddable":true,"href":"https:\/\/elicrom.com\/index.php?rest_route=%2Fwp%2Fv2%2Fproduct_brand&post=117781"},{"taxonomy":"product_cat","embeddable":true,"href":"https:\/\/elicrom.com\/index.php?rest_route=%2Fwp%2Fv2%2Fproduct_cat&post=117781"},{"taxonomy":"product_tag","embeddable":true,"href":"https:\/\/elicrom.com\/index.php?rest_route=%2Fwp%2Fv2%2Fproduct_tag&post=117781"}],"curies":[{"name":"wp","href":"https:\/\/api.w.org\/{rel}","templated":true}]}}