{"id":109847,"date":"2022-09-04T06:14:29","date_gmt":"2022-09-04T06:14:29","guid":{"rendered":"https:\/\/elicrom.com\/?post_type=product&#038;p=109847"},"modified":"2022-09-04T06:14:29","modified_gmt":"2022-09-04T06:14:29","slug":"24084-protector-para-tablero-10612432-mm","status":"publish","type":"product","link":"https:\/\/elicrom.com\/?product=24084-protector-para-tablero-10612432-mm","title":{"rendered":"Protector para tablero 106\u00d7124\u00d732 mm"},"content":{"rendered":"<p>Especificaciones:<br \/>\n-Dimensiones: 106\u00d7124\u00d732 (ancho x alto x fondo)<br \/>\n-Para interruptor de pared # 86.<br \/>\n-Medidor de panel de tama\u00f1o # 72, controlador de temperatura, etc.<\/p>\n","protected":false},"excerpt":{"rendered":"<p>Especificaciones: -Dimensiones: 106\u00d7124\u00d732 (ancho x alto x fondo) -Para interruptor de pared # 86. -Medidor de panel de tama\u00f1o # 72, controlador de temperatura, etc.<\/p>\n","protected":false},"featured_media":137009,"comment_status":"open","ping_status":"closed","template":"","meta":{"_acf_changed":false},"product_brand":[],"product_cat":[1950,3627],"product_tag":[],"class_list":{"0":"post-109847","1":"product","2":"type-product","3":"status-publish","4":"has-post-thumbnail","6":"product_cat-instrumentacion-menu","7":"product_cat-tibox","9":"first","10":"instock","11":"sale","12":"taxable","13":"shipping-taxable","14":"purchasable","15":"product-type-simple"},"acf":[],"aioseo_notices":[],"_links":{"self":[{"href":"https:\/\/elicrom.com\/index.php?rest_route=\/wp\/v2\/product\/109847","targetHints":{"allow":["GET"]}}],"collection":[{"href":"https:\/\/elicrom.com\/index.php?rest_route=\/wp\/v2\/product"}],"about":[{"href":"https:\/\/elicrom.com\/index.php?rest_route=\/wp\/v2\/types\/product"}],"replies":[{"embeddable":true,"href":"https:\/\/elicrom.com\/index.php?rest_route=%2Fwp%2Fv2%2Fcomments&post=109847"}],"wp:featuredmedia":[{"embeddable":true,"href":"https:\/\/elicrom.com\/index.php?rest_route=\/wp\/v2\/media\/137009"}],"wp:attachment":[{"href":"https:\/\/elicrom.com\/index.php?rest_route=%2Fwp%2Fv2%2Fmedia&parent=109847"}],"wp:term":[{"taxonomy":"product_brand","embeddable":true,"href":"https:\/\/elicrom.com\/index.php?rest_route=%2Fwp%2Fv2%2Fproduct_brand&post=109847"},{"taxonomy":"product_cat","embeddable":true,"href":"https:\/\/elicrom.com\/index.php?rest_route=%2Fwp%2Fv2%2Fproduct_cat&post=109847"},{"taxonomy":"product_tag","embeddable":true,"href":"https:\/\/elicrom.com\/index.php?rest_route=%2Fwp%2Fv2%2Fproduct_tag&post=109847"}],"curies":[{"name":"wp","href":"https:\/\/api.w.org\/{rel}","templated":true}]}}